{"id":23,"date":"2020-10-25T15:48:16","date_gmt":"2020-10-25T15:48:16","guid":{"rendered":"https:\/\/www.xn--von-der-kaninhtte-g3b.de\/?page_id=23"},"modified":"2022-02-20T12:17:07","modified_gmt":"2022-02-20T12:17:07","slug":"23-2","status":"publish","type":"page","link":"https:\/\/www.von-der-kaninh\u00fctte.de\/","title":{"rendered":"Labrador Retriever von der Kaninh\u00fctte"},"content":{"rendered":"\n<div class=\"wp-block-columns is-layout-flex wp-container-core-columns-is-layout-3 wp-block-columns-is-layout-flex\">\n<div class=\"wp-block-column is-vertically-aligned-center is-layout-flow wp-block-column-is-layout-flow\" style=\"flex-basis:100%\">\n<div class=\"wp-block-columns is-layout-flex wp-container-core-columns-is-layout-2 wp-block-columns-is-layout-flex\">\n<div class=\"wp-block-column is-layout-flow wp-block-column-is-layout-flow\">\n<div class=\"wp-block-columns is-layout-flex wp-container-core-columns-is-layout-1 wp-block-columns-is-layout-flex\">\n<div class=\"wp-block-column is-layout-flow wp-block-column-is-layout-flow\" style=\"flex-basis:46.66%\">\n<figure class=\"wp-block-image size-full is-resized\"><img loading=\"lazy\" decoding=\"async\" src=\"https:\/\/www.xn--von-der-kaninhtte-g3b.de\/wp-content\/uploads\/2020\/10\/Surface_Mining_Hambach_200800806.jpg\" alt=\"\" class=\"wp-image-24\" width=\"506\" height=\"380\" srcset=\"https:\/\/www.von-der-kaninh\u00fctte.de\/wp-content\/uploads\/2020\/10\/Surface_Mining_Hambach_200800806.jpg 2560w, https:\/\/www.von-der-kaninh\u00fctte.de\/wp-content\/uploads\/2020\/10\/Surface_Mining_Hambach_200800806-300x225.jpg 300w, https:\/\/www.von-der-kaninh\u00fctte.de\/wp-content\/uploads\/2020\/10\/Surface_Mining_Hambach_200800806-1024x768.jpg 1024w, https:\/\/www.von-der-kaninh\u00fctte.de\/wp-content\/uploads\/2020\/10\/Surface_Mining_Hambach_200800806-768x576.jpg 768w, https:\/\/www.von-der-kaninh\u00fctte.de\/wp-content\/uploads\/2020\/10\/Surface_Mining_Hambach_200800806-1536x1152.jpg 1536w, https:\/\/www.von-der-kaninh\u00fctte.de\/wp-content\/uploads\/2020\/10\/Surface_Mining_Hambach_200800806-2048x1536.jpg 2048w\" sizes=\"(max-width: 506px) 100vw, 506px\" \/><\/figure>\n<\/div>\n\n\n\n<div class=\"wp-block-column is-layout-flow wp-block-column-is-layout-flow\" style=\"flex-basis:53.34%\">\n<h2 class=\"wp-block-heading\" id=\"labrador-retriever-von-der-kaninhutte\">Labrador Retriever von der Kaninh\u00fctte<\/h2>\n\n\n\n<h3 class=\"wp-block-heading\" id=\"spezielle-jagdliche-leistungszucht\"><em>Spezielle jagdliche Leistungszucht<\/em><\/h3>\n\n\n\n<p>Kaninh\u00fctte bezeichnet ein kleines Waldst\u00fcck am Rande des Braunkohletagebaus Hambach. Der Altwald geh\u00f6rte zu den \u00fcber 5.500 Hektar der B\u00fcrge Hambacher Forst. Die Kaninh\u00fctte ist eines der letzten Restst\u00fccke der weitestgehend komplett gerodeten W\u00e4lder.<\/p>\n\n\n\n<p><em>Hier habe ich viele einmalige Stunden mit meinen Hunden verbracht und trainiere kleinere Einheiten, da es vor unserer Haust\u00fcre liegt.<\/em><\/p>\n\n\n\n<p>Ich z\u00fcchte Labrador Retriever aus Arbeitslinien.<small><em><br>Mitglied im Deutschen Retriever Club (DRC), Verband f\u00fcr das Deutsche Hundewesen (VDH), Federation Cynologique Internationale (FCI) und dem Jagdgebrauchshundeverband (JGHV)<\/em><\/small><\/p>\n<\/div>\n<\/div>\n<\/div>\n<\/div>\n<\/div>\n<\/div>\n\n\n\n<hr class=\"wp-block-separator has-text-color has-background is-style-wide\" style=\"background-color:#689e41;color:#689e41\"\/>\n\n\n\n<div class=\"wp-block-query is-layout-flow wp-block-query-is-layout-flow\"><ul class=\"is-flex-container columns-3 wp-block-post-template is-layout-flow wp-block-post-template-is-layout-flow\"><li class=\"wp-block-post post-1765 post type-post status-publish format-standard has-post-thumbnail hentry category-harper category-hunde category-j-wurf category-news category-zucht generate-columns tablet-grid-50 mobile-grid-100 grid-parent grid-50 no-featured-image-padding\">\n<h2 class=\"wp-block-post-title\"><a href=\"https:\/\/www.von-der-kaninh\u00fctte.de\/?p=1765\" target=\"_self\" >Juweel ..von der Kaninh\u00fctte<\/a><\/h2>\n\n<figure class=\"alignwide wp-block-post-featured-image\"><a href=\"https:\/\/www.von-der-kaninh\u00fctte.de\/?p=1765\" target=\"_self\"  ><img loading=\"lazy\" decoding=\"async\" width=\"2560\" height=\"1874\" src=\"https:\/\/www.von-der-kaninh\u00fctte.de\/wp-content\/uploads\/2025\/04\/20250331_180957-scaled.jpg\" class=\"attachment-post-thumbnail size-post-thumbnail wp-post-image\" alt=\"Juweel ..von der Kaninh\u00fctte\" style=\"object-fit:cover;\" srcset=\"https:\/\/www.von-der-kaninh\u00fctte.de\/wp-content\/uploads\/2025\/04\/20250331_180957-scaled.jpg 2560w, https:\/\/www.von-der-kaninh\u00fctte.de\/wp-content\/uploads\/2025\/04\/20250331_180957-300x220.jpg 300w, https:\/\/www.von-der-kaninh\u00fctte.de\/wp-content\/uploads\/2025\/04\/20250331_180957-1024x750.jpg 1024w, https:\/\/www.von-der-kaninh\u00fctte.de\/wp-content\/uploads\/2025\/04\/20250331_180957-768x562.jpg 768w, https:\/\/www.von-der-kaninh\u00fctte.de\/wp-content\/uploads\/2025\/04\/20250331_180957-50x37.jpg 50w, https:\/\/www.von-der-kaninh\u00fctte.de\/wp-content\/uploads\/2025\/04\/20250331_180957-1600x1171.jpg 1600w, https:\/\/www.von-der-kaninh\u00fctte.de\/wp-content\/uploads\/2025\/04\/20250331_180957-1536x1124.jpg 1536w, https:\/\/www.von-der-kaninh\u00fctte.de\/wp-content\/uploads\/2025\/04\/20250331_180957-2048x1499.jpg 2048w\" sizes=\"(max-width: 2560px) 100vw, 2560px\" \/><\/a><\/figure>\n\n<div class=\"wp-block-post-excerpt\"><p class=\"wp-block-post-excerpt__excerpt\">\ud83e\udd73 sie sind da!!3 Juwelen von der Kaninh\u00fctte Ende M\u00e4rz am 30.03.2025 hat unsere Harper<\/p><p class=\"wp-block-post-excerpt__more-text\"><a class=\"wp-block-post-excerpt__more-link\" href=\"https:\/\/www.von-der-kaninh\u00fctte.de\/?p=1765\">Weiterlesen&#8230;<\/a><\/p><\/div>\n\n\n<hr class=\"wp-block-separator\"\/>\n\n\n<div class=\"wp-block-post-date\"><time datetime=\"2025-04-20T14:13:13+00:00\">April 20, 2025<\/time><\/div>\n<\/li><li class=\"wp-block-post post-1622 post type-post status-publish format-standard has-post-thumbnail hentry category-harper category-j-wurf category-news generate-columns tablet-grid-50 mobile-grid-100 grid-parent grid-50 no-featured-image-padding\">\n<h2 class=\"wp-block-post-title\"><a href=\"https:\/\/www.von-der-kaninh\u00fctte.de\/?p=1622\" target=\"_self\" >Deckmeldung Januar 2025<\/a><\/h2>\n\n<figure class=\"alignwide wp-block-post-featured-image\"><a href=\"https:\/\/www.von-der-kaninh\u00fctte.de\/?p=1622\" target=\"_self\"  ><img loading=\"lazy\" decoding=\"async\" width=\"2560\" height=\"1440\" src=\"https:\/\/www.von-der-kaninh\u00fctte.de\/wp-content\/uploads\/2024\/06\/20240611_124521-scaled.jpg\" class=\"attachment-post-thumbnail size-post-thumbnail wp-post-image\" alt=\"Deckmeldung Januar 2025\" style=\"object-fit:cover;\" srcset=\"https:\/\/www.von-der-kaninh\u00fctte.de\/wp-content\/uploads\/2024\/06\/20240611_124521-scaled.jpg 2560w, https:\/\/www.von-der-kaninh\u00fctte.de\/wp-content\/uploads\/2024\/06\/20240611_124521-300x169.jpg 300w, https:\/\/www.von-der-kaninh\u00fctte.de\/wp-content\/uploads\/2024\/06\/20240611_124521-1024x576.jpg 1024w, https:\/\/www.von-der-kaninh\u00fctte.de\/wp-content\/uploads\/2024\/06\/20240611_124521-768x432.jpg 768w, https:\/\/www.von-der-kaninh\u00fctte.de\/wp-content\/uploads\/2024\/06\/20240611_124521-50x28.jpg 50w, https:\/\/www.von-der-kaninh\u00fctte.de\/wp-content\/uploads\/2024\/06\/20240611_124521-1600x900.jpg 1600w, https:\/\/www.von-der-kaninh\u00fctte.de\/wp-content\/uploads\/2024\/06\/20240611_124521-1536x864.jpg 1536w, https:\/\/www.von-der-kaninh\u00fctte.de\/wp-content\/uploads\/2024\/06\/20240611_124521-2048x1152.jpg 2048w\" sizes=\"(max-width: 2560px) 100vw, 2560px\" \/><\/a><\/figure>\n\n<div class=\"wp-block-post-excerpt\"><p class=\"wp-block-post-excerpt__excerpt\">Ein klein wenig fr\u00fcher als erwartet ist unsere H\u00fcndin Hey Harper von der Kaninh\u00fctte l\u00e4ufig<\/p><p class=\"wp-block-post-excerpt__more-text\"><a class=\"wp-block-post-excerpt__more-link\" href=\"https:\/\/www.von-der-kaninh\u00fctte.de\/?p=1622\">Weiterlesen&#8230;<\/a><\/p><\/div>\n\n\n<hr class=\"wp-block-separator\"\/>\n\n\n<div class=\"wp-block-post-date\"><time datetime=\"2025-01-27T07:35:00+00:00\">Januar 27, 2025<\/time><\/div>\n<\/li><li class=\"wp-block-post post-1761 post type-post status-publish format-standard has-post-thumbnail hentry category-f-wurf category-news category-uncategorized generate-columns tablet-grid-50 mobile-grid-100 grid-parent grid-50 no-featured-image-padding\">\n<h2 class=\"wp-block-post-title\"><a href=\"https:\/\/www.von-der-kaninh\u00fctte.de\/?p=1761\" target=\"_self\" >Fanta gewinnt blaues L\u00e4ndchen<\/a><\/h2>\n\n<figure class=\"alignwide wp-block-post-featured-image\"><a href=\"https:\/\/www.von-der-kaninh\u00fctte.de\/?p=1761\" target=\"_self\"  ><img loading=\"lazy\" decoding=\"async\" width=\"1080\" height=\"608\" src=\"https:\/\/www.von-der-kaninh\u00fctte.de\/wp-content\/uploads\/2025\/02\/FB_IMG_1738505886750.jpg\" class=\"attachment-post-thumbnail size-post-thumbnail wp-post-image\" alt=\"Fanta gewinnt blaues L\u00e4ndchen\" style=\"object-fit:cover;\" srcset=\"https:\/\/www.von-der-kaninh\u00fctte.de\/wp-content\/uploads\/2025\/02\/FB_IMG_1738505886750.jpg 1080w, https:\/\/www.von-der-kaninh\u00fctte.de\/wp-content\/uploads\/2025\/02\/FB_IMG_1738505886750-300x169.jpg 300w, https:\/\/www.von-der-kaninh\u00fctte.de\/wp-content\/uploads\/2025\/02\/FB_IMG_1738505886750-1024x576.jpg 1024w, https:\/\/www.von-der-kaninh\u00fctte.de\/wp-content\/uploads\/2025\/02\/FB_IMG_1738505886750-768x432.jpg 768w, https:\/\/www.von-der-kaninh\u00fctte.de\/wp-content\/uploads\/2025\/02\/FB_IMG_1738505886750-50x28.jpg 50w\" sizes=\"(max-width: 1080px) 100vw, 1080px\" \/><\/a><\/figure>\n\n<div class=\"wp-block-post-excerpt\"><p class=\"wp-block-post-excerpt__excerpt\">WTF Blaues L\u00e4ndchen 28.9.24 Einfach Fantastik was f\u00fcr ein Tag Ich durfte einen Bericht f\u00fcr<\/p><p class=\"wp-block-post-excerpt__more-text\"><a class=\"wp-block-post-excerpt__more-link\" href=\"https:\/\/www.von-der-kaninh\u00fctte.de\/?p=1761\">Weiterlesen&#8230;<\/a><\/p><\/div>\n\n\n<hr class=\"wp-block-separator\"\/>\n\n\n<div class=\"wp-block-post-date\"><time datetime=\"2024-09-28T16:45:03+00:00\">September 28, 2024<\/time><\/div>\n<\/li><\/ul><\/div>\n\n\n<div class=\"gb-button-wrapper gb-button-wrapper-e4946f3e\">\n\n<a class=\"gb-button gb-button-251fec86\" href=\"https:\/\/www.von-der-kaninh\u00fctte.de\/?cat=11\"><span class=\"gb-icon\"><svg aria-hidden=\"true\" role=\"img\" height=\"1em\" width=\"1em\" viewbox=\"0 0 256 512\" xmlns=\"http:\/\/www.w3.org\/2000\/svg\"><path fill=\"currentColor\" d=\"M224.3 273l-136 136c-9.4 9.4-24.6 9.4-33.9 0l-22.6-22.6c-9.4-9.4-9.4-24.6 0-33.9l96.4-96.4-96.4-96.4c-9.4-9.4-9.4-24.6 0-33.9L54.3 103c9.4-9.4 24.6-9.4 33.9 0l136 136c9.5 9.4 9.5 24.6.1 34z\"><\/path><\/svg><\/span><span class=\"gb-button-text\">Mehr News lesen<\/span><\/a>\n\n<\/div>","protected":false},"excerpt":{"rendered":"<p>Labrador Retriever von der Kaninh\u00fctte Spezielle jagdliche Leistungszucht Kaninh\u00fctte bezeichnet ein kleines Waldst\u00fcck am Rande<\/p>\n","protected":false},"author":1,"featured_media":0,"parent":0,"menu_order":0,"comment_status":"closed","ping_status":"closed","template":"","meta":{"footnotes":""},"class_list":{"0":"post-23","1":"page","2":"type-page","3":"status-publish","5":"no-featured-image-padding"},"_links":{"self":[{"href":"https:\/\/www.von-der-kaninh\u00fctte.de\/index.php?rest_route=\/wp\/v2\/pages\/23"}],"collection":[{"href":"https:\/\/www.von-der-kaninh\u00fctte.de\/index.php?rest_route=\/wp\/v2\/pages"}],"about":[{"href":"https:\/\/www.von-der-kaninh\u00fctte.de\/index.php?rest_route=\/wp\/v2\/types\/page"}],"author":[{"embeddable":true,"href":"https:\/\/www.von-der-kaninh\u00fctte.de\/index.php?rest_route=\/wp\/v2\/users\/1"}],"replies":[{"embeddable":true,"href":"https:\/\/www.von-der-kaninh\u00fctte.de\/index.php?rest_route=%2Fwp%2Fv2%2Fcomments&post=23"}],"version-history":[{"count":46,"href":"https:\/\/www.von-der-kaninh\u00fctte.de\/index.php?rest_route=\/wp\/v2\/pages\/23\/revisions"}],"predecessor-version":[{"id":1231,"href":"https:\/\/www.von-der-kaninh\u00fctte.de\/index.php?rest_route=\/wp\/v2\/pages\/23\/revisions\/1231"}],"wp:attachment":[{"href":"https:\/\/www.von-der-kaninh\u00fctte.de\/index.php?rest_route=%2Fwp%2Fv2%2Fmedia&parent=23"}],"curies":[{"name":"wp","href":"https:\/\/api.w.org\/{rel}","templated":true}]}}

https://www.von-der-kaninhütte.de/

Labrador Retriever von der Kaninhütte

<div class="wp-block-columns is-layout-flex wp-container-core-columns-is-layout-3 wp-block-columns-is-layout-flex">
<div class="wp-block-column is-vertically-aligned-center is-layout-flow wp-block-column-is-layout-flow" style="flex-basis:100%">
<div class="wp-block-columns is-layout-flex wp-container-core-columns-is-layout-2 wp-block-columns-is-layout-flex">
<div class="wp-block-column is-layout-flow wp-block-column-is-layout-flow">
<div class="wp-block-columns is-layout-flex wp-container-core-columns-is-layout-1 wp-block-columns-is-layout-flex">
<div class="wp-block-column is-layout-flow wp-block-column-is-layout-flow" style="flex-basis:46.66%">
<figure class="wp-block-image size-full is-resized"><img loading="lazy" decoding="async" src="https://www.xn--von-der-kaninhtte-g3b.de/wp-content/uploads/2020/10/Surface_Mining_Hambach_200800806.jpg" alt="" class="wp-image-24" width="506" height="380" srcset="https://www.von-der-kaninhütte.de/wp-content/uploads/2020/10/Surface_Mining_Hambach_200800806.jpg 2560w, https://www.von-der-kaninhütte.de/wp-content/uploads/2020/10/Surface_Mining_Hambach_200800806-300x225.jpg 300w, https://www.von-der-kaninhütte.de/wp-content/uploads/2020/10/Surface_Mining_Hambach_200800806-1024x768.jpg 1024w, https://www.von-der-kaninhütte.de/wp-content/uploads/2020/10/Surface_Mining_Hambach_200800806-768x576.jpg 768w, https://www.von-der-kaninhütte.de/wp-content/uploads/2020/10/Surface_Mining_Hambach_200800806-1536x1152.jpg 1536w, https://www.von-der-kaninhütte.de/wp-content/uploads/2020/10/Surface_Mining_Hambach_200800806-2048x1536.jpg 2048w" sizes="(max-width: 506px) 100vw, 506px" /></figure>
</div>



<div class="wp-block-column is-layout-flow wp-block-column-is-layout-flow" style="flex-basis:53.34%">
<h2 class="wp-block-heading" id="labrador-retriever-von-der-kaninhutte">Labrador Retriever von der Kaninhütte</h2>



<h3 class="wp-block-heading" id="spezielle-jagdliche-leistungszucht"><em>Spezielle jagdliche Leistungszucht</em></h3>



<p>Kaninhütte bezeichnet ein kleines Waldstück am Rande des Braunkohletagebaus Hambach. Der Altwald gehörte zu den über 5.500 Hektar der Bürge Hambacher Forst. Die Kaninhütte ist eines der letzten Reststücke der weitestgehend komplett gerodeten Wälder.</p>



<p><em>Hier habe ich viele einmalige Stunden mit meinen Hunden verbracht und trainiere kleinere Einheiten, da es vor unserer Haustüre liegt.</em></p>



<p>Ich züchte Labrador Retriever aus Arbeitslinien.<small><em><br>Mitglied im Deutschen Retriever Club (DRC), Verband für das Deutsche Hundewesen (VDH), Federation Cynologique Internationale (FCI) und dem Jagdgebrauchshundeverband (JGHV)</em></small></p>
</div>
</div>
</div>
</div>
</div>
</div>



<hr class="wp-block-separator has-text-color has-background is-style-wide" style="background-color:#689e41;color:#689e41"/>



<div class="wp-block-query is-layout-flow wp-block-query-is-layout-flow"><ul class="is-flex-container columns-3 wp-block-post-template is-layout-flow wp-block-post-template-is-layout-flow"><li class="wp-block-post post-1765 post type-post status-publish format-standard has-post-thumbnail hentry category-harper category-hunde category-j-wurf category-news category-zucht generate-columns tablet-grid-50 mobile-grid-100 grid-parent grid-50 no-featured-image-padding">
<h2 class="wp-block-post-title"><a href="https://www.von-der-kaninhütte.de/?p=1765" target="_self" >Juweel ..von der Kaninhütte</a></h2>

<figure class="alignwide wp-block-post-featured-image"><a href="https://www.von-der-kaninhütte.de/?p=1765" target="_self"  ><img loading="lazy" decoding="async" width="2560" height="1874" src="https://www.von-der-kaninhütte.de/wp-content/uploads/2025/04/20250331_180957-scaled.jpg" class="attachment-post-thumbnail size-post-thumbnail wp-post-image" alt="Juweel ..von der Kaninhütte" style="object-fit:cover;" srcset="https://www.von-der-kaninhütte.de/wp-content/uploads/2025/04/20250331_180957-scaled.jpg 2560w, https://www.von-der-kaninhütte.de/wp-content/uploads/2025/04/20250331_180957-300x220.jpg 300w, https://www.von-der-kaninhütte.de/wp-content/uploads/2025/04/20250331_180957-1024x750.jpg 1024w, https://www.von-der-kaninhütte.de/wp-content/uploads/2025/04/20250331_180957-768x562.jpg 768w, https://www.von-der-kaninhütte.de/wp-content/uploads/2025/04/20250331_180957-50x37.jpg 50w, https://www.von-der-kaninhütte.de/wp-content/uploads/2025/04/20250331_180957-1600x1171.jpg 1600w, https://www.von-der-kaninhütte.de/wp-content/uploads/2025/04/20250331_180957-1536x1124.jpg 1536w, https://www.von-der-kaninhütte.de/wp-content/uploads/2025/04/20250331_180957-2048x1499.jpg 2048w" sizes="(max-width: 2560px) 100vw, 2560px" /></a></figure>

<div class="wp-block-post-excerpt"><p class="wp-block-post-excerpt__excerpt">🥳 sie sind da!!3 Juwelen von der Kaninhütte Ende März am 30.03.2025 hat unsere Harper</p><p class="wp-block-post-excerpt__more-text"><a class="wp-block-post-excerpt__more-link" href="https://www.von-der-kaninhütte.de/?p=1765">Weiterlesen&#8230;</a></p></div>


<hr class="wp-block-separator"/>


<div class="wp-block-post-date"><time datetime="2025-04-20T14:13:13+00:00">April 20, 2025</time></div>
</li><li class="wp-block-post post-1622 post type-post status-publish format-standard has-post-thumbnail hentry category-harper category-j-wurf category-news generate-columns tablet-grid-50 mobile-grid-100 grid-parent grid-50 no-featured-image-padding">
<h2 class="wp-block-post-title"><a href="https://www.von-der-kaninhütte.de/?p=1622" target="_self" >Deckmeldung Januar 2025</a></h2>

<figure class="alignwide wp-block-post-featured-image"><a href="https://www.von-der-kaninhütte.de/?p=1622" target="_self"  ><img loading="lazy" decoding="async" width="2560" height="1440" src="https://www.von-der-kaninhütte.de/wp-content/uploads/2024/06/20240611_124521-scaled.jpg" class="attachment-post-thumbnail size-post-thumbnail wp-post-image" alt="Deckmeldung Januar 2025" style="object-fit:cover;" srcset="https://www.von-der-kaninhütte.de/wp-content/uploads/2024/06/20240611_124521-scaled.jpg 2560w, https://www.von-der-kaninhütte.de/wp-content/uploads/2024/06/20240611_124521-300x169.jpg 300w, https://www.von-der-kaninhütte.de/wp-content/uploads/2024/06/20240611_124521-1024x576.jpg 1024w, https://www.von-der-kaninhütte.de/wp-content/uploads/2024/06/20240611_124521-768x432.jpg 768w, https://www.von-der-kaninhütte.de/wp-content/uploads/2024/06/20240611_124521-50x28.jpg 50w, https://www.von-der-kaninhütte.de/wp-content/uploads/2024/06/20240611_124521-1600x900.jpg 1600w, https://www.von-der-kaninhütte.de/wp-content/uploads/2024/06/20240611_124521-1536x864.jpg 1536w, https://www.von-der-kaninhütte.de/wp-content/uploads/2024/06/20240611_124521-2048x1152.jpg 2048w" sizes="(max-width: 2560px) 100vw, 2560px" /></a></figure>

<div class="wp-block-post-excerpt"><p class="wp-block-post-excerpt__excerpt">Ein klein wenig früher als erwartet ist unsere Hündin Hey Harper von der Kaninhütte läufig</p><p class="wp-block-post-excerpt__more-text"><a class="wp-block-post-excerpt__more-link" href="https://www.von-der-kaninhütte.de/?p=1622">Weiterlesen&#8230;</a></p></div>


<hr class="wp-block-separator"/>


<div class="wp-block-post-date"><time datetime="2025-01-27T07:35:00+00:00">Januar 27, 2025</time></div>
</li><li class="wp-block-post post-1761 post type-post status-publish format-standard has-post-thumbnail hentry category-f-wurf category-news category-uncategorized generate-columns tablet-grid-50 mobile-grid-100 grid-parent grid-50 no-featured-image-padding">
<h2 class="wp-block-post-title"><a href="https://www.von-der-kaninhütte.de/?p=1761" target="_self" >Fanta gewinnt blaues Ländchen</a></h2>

<figure class="alignwide wp-block-post-featured-image"><a href="https://www.von-der-kaninhütte.de/?p=1761" target="_self"  ><img loading="lazy" decoding="async" width="1080" height="608" src="https://www.von-der-kaninhütte.de/wp-content/uploads/2025/02/FB_IMG_1738505886750.jpg" class="attachment-post-thumbnail size-post-thumbnail wp-post-image" alt="Fanta gewinnt blaues Ländchen" style="object-fit:cover;" srcset="https://www.von-der-kaninhütte.de/wp-content/uploads/2025/02/FB_IMG_1738505886750.jpg 1080w, https://www.von-der-kaninhütte.de/wp-content/uploads/2025/02/FB_IMG_1738505886750-300x169.jpg 300w, https://www.von-der-kaninhütte.de/wp-content/uploads/2025/02/FB_IMG_1738505886750-1024x576.jpg 1024w, https://www.von-der-kaninhütte.de/wp-content/uploads/2025/02/FB_IMG_1738505886750-768x432.jpg 768w, https://www.von-der-kaninhütte.de/wp-content/uploads/2025/02/FB_IMG_1738505886750-50x28.jpg 50w" sizes="(max-width: 1080px) 100vw, 1080px" /></a></figure>

<div class="wp-block-post-excerpt"><p class="wp-block-post-excerpt__excerpt">WTF Blaues Ländchen 28.9.24 Einfach Fantastik was für ein Tag Ich durfte einen Bericht für</p><p class="wp-block-post-excerpt__more-text"><a class="wp-block-post-excerpt__more-link" href="https://www.von-der-kaninhütte.de/?p=1761">Weiterlesen&#8230;</a></p></div>


<hr class="wp-block-separator"/>


<div class="wp-block-post-date"><time datetime="2024-09-28T16:45:03+00:00">September 28, 2024</time></div>
</li></ul></div>


<div class="gb-button-wrapper gb-button-wrapper-e4946f3e">

<a class="gb-button gb-button-251fec86" href="https://www.von-der-kaninhütte.de/?cat=11"><span class="gb-icon"><svg aria-hidden="true" role="img" height="1em" width="1em" viewbox="0 0 256 512" xmlns="http://www.w3.org/2000/svg"><path fill="currentColor" d="M224.3 273l-136 136c-9.4 9.4-24.6 9.4-33.9 0l-22.6-22.6c-9.4-9.4-9.4-24.6 0-33.9l96.4-96.4-96.4-96.4c-9.4-9.4-9.4-24.6 0-33.9L54.3 103c9.4-9.4 24.6-9.4 33.9 0l136 136c9.5 9.4 9.5 24.6.1 34z"></path></svg></span><span class="gb-button-text">Mehr News lesen</span></a>

</div>

<p>Labrador Retriever von der Kaninhütte Spezielle jagdliche Leistungszucht Kaninhütte bezeichnet ein kleines Waldstück am Rande</p>

https://www.von-der-kaninhütte.de/index.php?rest_route=/wp/v2/pages/23

https://www.von-der-kaninhütte.de/index.php?rest_route=/wp/v2/pages

https://www.von-der-kaninhütte.de/index.php?rest_route=/wp/v2/types/page

https://www.von-der-kaninhütte.de/index.php?rest_route=/wp/v2/users/1

https://www.von-der-kaninhütte.de/index.php?rest_route=%2Fwp%2Fv2%2Fcomments&post=23

https://www.von-der-kaninhütte.de/index.php?rest_route=/wp/v2/pages/23/revisions

https://www.von-der-kaninhütte.de/index.php?rest_route=/wp/v2/pages/23/revisions/1231

https://www.von-der-kaninhütte.de/index.php?rest_route=%2Fwp%2Fv2%2Fmedia&parent=23
